
12
Let m(g) = -6*g + 5*g + 1 + g**2 + 2 + 19*g. Let s be m(-18). Suppose 11*d = 8*d + s. What is the remainder when 1 is divided by d?
0
Suppose 3*v = 2*m - 54, -3*v - 24 = 3*m - 75. Let b(d) = -d**2 + 22*d - 1. What is the remainder when b(m) is divided by 16?
4
Let w = 28 + -28. Suppose -11*i + 62 - 7 = w. Calculate the remainder when 27 is divided by i.
2
Let m(d) = -2*d**3 + 12*d**2 - 24*d - 26. Let q(p) = p**3 - p**2. Let y(f) = -m(f) - 3*q(f). What is the remainder when 21 is divided by y(-11)?
1
Suppose 0 = -5*w + 3*w + 8. Suppose w*f + 134 = 334. Suppose 55 - 5 = 5*b + 3*n, -5*n - 64 = -3*b. What is the remainder when f is divided by b?
11
Let d(w) = 71*w**2 - w. Suppose 23 = 7*m + 44. Calculate the remainder when d(-1) is divided by (18/4)/(m/(-10)).
12
Suppose 2*d = -5*l + 12, -l + 28 = l - 5*d. Suppose -l*f + 72 = -56. What is the remainder when f is divided by 9?
5
Suppose -36*v = -30*v - 162. What is the remainder when 198 is divided by v?
9
Let c = 1278 + -1210. What is the remainder when 330 is divided by c?
58
Suppose -s = 5*h - 128, 18*s - 20*s = -4*h + 94. What is the remainder when 66 is divided by h?
16
Let k be (0 + 0/(-5))/1. Suppose -2*o - 3*s + 80 = k, s = -4*o - 3*s + 164. Calculate the remainder when o is divided by 30/(-4)*(-2 - 0).
13
Suppose -1158 = -31*j + 2841. Calculate the remainder when j is divided by 9.
3
Let o(f) = 30*f - 3. Suppose -40 - 155 = -5*y. Suppose y = 2*s + 3*k, -s + 2*k + 39 = 2*s. What is the remainder when o(2) is divided by s?
12
Suppose -6*p = -2*p + 5*c - 113, 0 = p - 3*c - 7. Let i = p - 20. Suppose i*g - 3*g = -9. What is the remainder when 23 is divided by g?
5
Suppose j - 2*j = -180. Let w(a) = -2*a**3 - 91*a**2 - 131*a + 90. What is the remainder when j is divided by w(-44)?
42
Let s be 55/2 + 5/(-10). Let h = 38 - 28. Calculate the remainder when 3/(s/13 + -2) is divided by h.
9
Let a(h) = -16*h + 24. What is the remainder when a(-5) is divided by 15?
14
Suppose 19*w - 12*w = 1379. What is the remainder when w is divided by 33?
32
What is the remainder when 135 is divided by (-106)/(-3) + (0 - (-20)/(-15))?
33
Let a(c) = c**3 - c + 3. Suppose -3*r + 8*r + 25 = 0. Let p be 7 - ((-1 - r) + -2). What is the remainder when a(p) is divided by 31?
30
Suppose -559 = -4*w + 4*k + 409, 4*w - 5*k - 963 = 0. Calculate the remainder when w is divided by 10.
7
Let w(x) = x**3 - 5*x**2 + 4*x - 32. Calculate the remainder when w(6) is divided by 3.
1
Suppose 0 = 2*d - 116 - 94. Suppose 3*h + 50*h - 1908 = 0. Calculate the remainder when d is divided by h.
33
Suppose 149 = 2*x + 5*v, -2*x + 109 = -0*x - 3*v. What is the remainder when x is divided by (6/4)/((-9)/(-96))?
14
Suppose -3 - 17 = -t. What is the remainder when 57 is divided by t?
17
Suppose 7 = d - 3*r, -5*r = 2*d + 2*d - 79. Suppose 18*f - 31 - 1085 = 0. What is the remainder when f is divided by d?
14
Suppose -402 = -8*t + 774. Calculate the remainder when t is divided by 72.
3
Let l = -54 - -55. Calculate the remainder when 3 is divided by l.
0
Let l = 45 - 27. Let x be l/(-99) - (-466)/22. Suppose 0 = y - x + 7. Calculate the remainder when y is divided by 9.
5
Let f(d) = d**3 + 2*d**2 + 6*d + 7. Let m be f(-3). Let t = m - -28. What is the remainder when 62 is divided by t?
6
Suppose 4*c + 4*h + 80 = 0, 0 = -3*c + 2*h - 3*h - 70. Let n = 146 - c. Calculate the remainder when n is divided by 29.
26
Let g be 16/10*(-10)/(-4). Suppose -3*k - 4 = -g*b + 104, -2*b + 5*k = -68. Calculate the remainder when b is divided by 16.
8
Let x be 1/((-2)/(-12))*172/8. Let h = x - 59. What is the remainder when h is divided by 24?
22
Let g(w) = 2*w + 7. What is the remainder when 40/3*(-27)/(-9) is divided by g(7)?
19
Suppose -107*k = -120*k + 1209. Calculate the remainder when k is divided by 11.
5
Let x be (63 - -1) + 0/1. What is the remainder when 62 is divided by (-8)/24 - x/(-3)?
20
Let u(o) = -o**3 + 15*o**2 - 17*o - 9. Calculate the remainder when u(5) is divided by 16.
12
Let i = 42 - 44. What is the remainder when 58 is divided by 90/5*i/(-3)?
10
Let w = -253 - -394. Calculate the remainder when w is divided by 49.
43
Suppose 7*b - 5*b - 2 = 0. Let t(u) = -8*u - 1. What is the remainder when 354/6*(1 + 1 - b) is divided by t(-4)?
28
Let h = -286 + 298. Calculate the remainder when 22 is divided by h.
10
Let k = -57 + 95. Let h = -17 + k. Suppose 4*a + 2*g = 36, -a + 3*g + 23 = -0*a. What is the remainder when h is divided by a?
10
Let f(g) = 3*g**2 + 7*g + 5. Suppose 2*p - 18 + 12 = 0. Calculate the remainder when f(-4) is divided by p.
1
Let d = 145 + -102. Suppose 2*l = -5*u - l + 197, u - 3*l = d. Let k = 0 + 14. Calculate the remainder when u is divided by k.
12
Let p(w) = w**3 + 4*w**2 - 6*w - 5. Let h be p(-5). Let k(i) = -13*i - 2 - 5*i + h*i + 0*i. Calculate the remainder when k(-6) is divided by 27.
25
Let z be ((-4)/(-6))/(8/84). Suppose -z*x + 17*x - 200 = 0. What is the remainder when (-12 + 0)*39/(-12) is divided by x?
19
Calculate the remainder when 61 is divided by (-40)/200 + 181/5.
25
Let x(j) = 2*j**2 - 3*j - 3. Suppose 0 = -4*s - 2*t + 66, 0 = 5*s - 5*t - 38 - 7. Calculate the remainder when x(-3) is divided by s - (-6)/3 - 3.
11
Let v = 129 + -115. Calculate the remainder when 60 is divided by v.
4
Let k = 9 + -2. Suppose -9*s + 18 = -216. Calculate the remainder when s is divided by k.
5
Let c(n) = 16*n + 97. Calculate the remainder when 31 is divided by c(-5).
14
Let d = -13 - -23. Let k = -82 + 85. Suppose 2*q = j - 29, -2*j + 3*q + 180 = k*j. What is the remainder when j is divided by d?
9
Let k be ((-5)/10)/((2/(-756))/1). Suppose -10*h + 13*h = k. Calculate the remainder when h is divided by 11.
8
Let d(j) = 4*j + 24. Let w be d(-6). Suppose 0 = -g + 9 - w. Calculate the remainder when (-4)/14 - (-114)/7 is divided by g.
7
Suppose -6 = 5*d - 3*k + 2, -5*k = -5*d. Calculate the remainder when (d/(-14))/((-6)/(-3066)) is divided by 37.
35
Let w = 955 + -943. Let l be (2 + 1)*-1 - 1. Let h = 11 + l. Calculate the remainder when w is divided by h.
5
Let g be 2/(-10) - 88/(-40). Suppose -36 = -3*t + 2*q, -g*t + 48 = 2*t - q. What is the remainder when 70 is divided by t?
10
Suppose -18 - 72 = -3*v. Let x = -139 - -256. What is the remainder when x is divided by v?
27
Calculate the remainder when 170*1*3/6 - 5 is divided by 29.
22
Let l = -13 - -35. Calculate the remainder when l is divided by (5/((-60)/(-16)))/(1/3).
2
Calculate the remainder when 615 is divided by 56*(1 - 1/2*1).
27
Suppose -3*j + 258 + 438 = 0. Suppose -j = -5*f - 37. Calculate the remainder when f is divided by 14.
11
Suppose 111*b = 106*b + 2595. Suppose -68*u = -71*u + b. Calculate the remainder when u is divided by 35.
33
Let j(y) = 0*y + 6*y**2 + 7 + 0*y**2 - 2*y + 2. Let z be j(4). Suppose 86 = 4*t - 4*d - 30, -d = -3*t + z. What is the remainder when t is divided by 6?
4
Let c(v) = 5*v - 120. Let n(q) = -q + 30. Let r(i) = 4*c(i) + 15*n(i). Calculate the remainder when r(15) is divided by 23.
22
Suppose 0 = 4*y - g - 196, -3*g + 40 = 5*y - 222. Let d = 58 - y. Calculate the remainder when 15 is divided by d.
7
Suppose -8*m + 4*m + 108 = 0. Suppose 3 - m = -2*g. What is the remainder when 83 is divided by g?
11
Let w = 14 + -12. Suppose 6 = -d + 2*n, n - 6 = w*d + 15. What is the remainder when 9/(-12) + (-297)/d is divided by 9?
6
Suppose 0 = -l - y - 4 + 9, -11 = -3*l - 4*y. Suppose -l*t + 133 = -38. What is the remainder when t is divided by ((-10)/(-4))/((-3)/(-6))?
4
Let h(l) = 6*l + 5. What is the remainder when h(4) is divided by (-12)/(756/35)*(2 + -11)?
4
Let q = 2763 + -2753. Let f = 6 + 11. Calculate the remainder when f is divided by q.
7
Calculate the remainder when 358 is divided by 228/6 + (-2 - -4).
38
Let y = 1364 - 1351. Calculate the remainder when 542 is divided by y.
9
Let k(o) = -13*o + o**3 - 2*o**3 - 6*o**2 - 10 + 18*o. Let s(f) = 2*f**3 - 7*f**2 + 5*f - 1. Calculate the remainder when s(3) is divided by k(-7).
1
Let o = -8 - -11. Suppose 0 = m - 4*m + o. Calculate the remainder when 40 is divided by 7/m + 4 + 0.
7
Suppose -8*y - 4*c + 2368 = -3*y, -2*y = -c - 955. Calculate the remainder when y is divided by 53.
52
Suppose 7*z = l + 8*z - 147, 0 = -5*l + 3*z + 703. What is the remainder when l is divided by 6?
5
Let